{"id":14,"date":"2021-06-14T12:04:26","date_gmt":"2021-06-14T10:04:26","guid":{"rendered":"https:\/\/www.saalesparkasse-web.de\/sparkassenkalender\/?page_id=14"},"modified":"2022-06-07T06:37:35","modified_gmt":"2022-06-07T04:37:35","slug":"teilnahmebedingungen","status":"publish","type":"page","link":"https:\/\/www.saalesparkasse-web.de\/sparkassenkalender\/teilnahmebedingungen\/","title":{"rendered":"Teilnahmebedingungen"},"content":{"rendered":"<section class=\"l-section wpb_row us_custom_278d8c57 height_medium\"><div class=\"l-section-h i-cf\"><div class=\"g-cols vc_row type_default valign_top\"><div class=\"vc_col-sm-12 wpb_column vc_column_container\"><div class=\"vc_column-inner\"><div class=\"wpb_wrapper\">\n\t\t\t<!-- START Teilnahme REVOLUTION SLIDER 6.4.11 --><p class=\"rs-p-wp-fix\"><\/p>\n\t\t\t<rs-module-wrap id=\"rev_slider_2_1_wrapper\" data-source=\"gallery\" style=\"background:transparent;padding:0;margin:0px auto;margin-top:0;margin-bottom:0;\">\n\t\t\t\t<rs-module id=\"rev_slider_2_1\" style=\"\" data-version=\"6.4.11\">\n\t\t\t\t\t<rs-slides>\n\t\t\t\t\t\t<rs-slide data-key=\"rs-3\" data-title=\"Slide\" data-in=\"o:0;\" data-out=\"a:false;\">\n\t\t\t\t\t\t\t<img loading=\"lazy\" decoding=\"async\" src=\"\/\/www.saalesparkasse-web.de\/sparkassenkalender\/wp-content\/uploads\/2022\/04\/slider_master__0020_Ebene-2-1.jpg\" title=\"slider_master__0020_Ebene 2\" width=\"2560\" height=\"960\" class=\"rev-slidebg tp-rs-img\" data-no-retina>\n<!--\n\t\t\t\t\t\t\t--><rs-layer\n\t\t\t\t\t\t\t\tid=\"slider-2-slide-3-layer-1\" \n\t\t\t\t\t\t\t\tdata-type=\"text\"\n\t\t\t\t\t\t\t\tdata-color=\"#ff1000\"\n\t\t\t\t\t\t\t\tdata-rsp_ch=\"on\"\n\t\t\t\t\t\t\t\tdata-xy=\"x:c;y:c;yo:1px;\"\n\t\t\t\t\t\t\t\tdata-text=\"w:normal;s:40;l:41;fw:700;a:center;\"\n\t\t\t\t\t\t\t\tdata-dim=\"w:652px;\"\n\t\t\t\t\t\t\t\tdata-padding=\"t:20;r:20;b:20;l:20;\"\n\t\t\t\t\t\t\t\tdata-frame_999=\"o:0;st:w;\"\n\t\t\t\t\t\t\t\tstyle=\"z-index:6;background-color:rgba(254,254,254,0.6);font-family:Arial, Helvetica, sans-serif;\"\n\t\t\t\t\t\t\t>Willkommen beim Fotowettbewerb 2022 \n\t\t\t\t\t\t\t<\/rs-layer><!--\n-->\t\t\t\t\t\t<\/rs-slide>\n\t\t\t\t\t\t<rs-slide data-key=\"rs-17\" data-title=\"Slide\" data-in=\"o:0;\" data-out=\"a:false;\">\n\t\t\t\t\t\t\t<img loading=\"lazy\" decoding=\"async\" src=\"\/\/www.saalesparkasse-web.de\/sparkassenkalender\/wp-content\/uploads\/2022\/04\/slider_master__0017_Ebene-5-1.jpg\" title=\"slider_master__0017_Ebene 5\" width=\"2560\" height=\"960\" class=\"rev-slidebg tp-rs-img\" data-no-retina>\n<!--\n\t\t\t\t\t\t\t--><rs-layer\n\t\t\t\t\t\t\t\tid=\"slider-2-slide-17-layer-1\" \n\t\t\t\t\t\t\t\tdata-type=\"text\"\n\t\t\t\t\t\t\t\tdata-color=\"#ff1000\"\n\t\t\t\t\t\t\t\tdata-rsp_ch=\"on\"\n\t\t\t\t\t\t\t\tdata-xy=\"x:c;y:c;yo:1px;\"\n\t\t\t\t\t\t\t\tdata-text=\"w:normal;s:40;l:41;fw:700;a:center;\"\n\t\t\t\t\t\t\t\tdata-dim=\"w:652px;\"\n\t\t\t\t\t\t\t\tdata-padding=\"t:20;r:20;b:20;l:20;\"\n\t\t\t\t\t\t\t\tdata-frame_999=\"o:0;st:w;\"\n\t\t\t\t\t\t\t\tstyle=\"z-index:6;background-color:rgba(254,254,254,0.6);font-family:Arial, Helvetica, sans-serif;\"\n\t\t\t\t\t\t\t>Willkommen beim Fotowettbewerb 2022 \n\t\t\t\t\t\t\t<\/rs-layer><!--\n-->\t\t\t\t\t\t<\/rs-slide>\n\t\t\t\t\t<\/rs-slides>\n\t\t\t\t<\/rs-module>\n\t\t\t\t<script type=\"text\/javascript\">\n\t\t\t\t\tsetREVStartSize({c: 'rev_slider_2_1',rl:[1240,1024,778,480],el:[450],gw:[1240],gh:[450],type:'standard',justify:'',layout:'fullwidth',mh:\"0\"});\n\t\t\t\t\tvar\trevapi2,\n\t\t\t\t\t\ttpj;\n\t\t\t\t\tfunction revinit_revslider21() {\n\t\t\t\t\tjQuery(function() {\n\t\t\t\t\t\ttpj = jQuery;\n\t\t\t\t\t\trevapi2 = tpj(\"#rev_slider_2_1\");\n\t\t\t\t\t\tif(revapi2==undefined || revapi2.revolution == undefined){\n\t\t\t\t\t\t\trevslider_showDoubleJqueryError(\"rev_slider_2_1\");\n\t\t\t\t\t\t}else{\n\t\t\t\t\t\t\trevapi2.revolution({\n\t\t\t\t\t\t\t\tDPR:\"dpr\",\n\t\t\t\t\t\t\t\tsliderLayout:\"fullwidth\",\n\t\t\t\t\t\t\t\tvisibilityLevels:\"1240,1024,778,480\",\n\t\t\t\t\t\t\t\tgridwidth:1240,\n\t\t\t\t\t\t\t\tgridheight:450,\n\t\t\t\t\t\t\t\tperspective:600,\n\t\t\t\t\t\t\t\tperspectiveType:\"global\",\n\t\t\t\t\t\t\t\teditorheight:\"450,768,960,720\",\n\t\t\t\t\t\t\t\tresponsiveLevels:\"1240,1024,778,480\",\n\t\t\t\t\t\t\t\tprogressBar:{disableProgressBar:true},\n\t\t\t\t\t\t\t\tnavigation: {\n\t\t\t\t\t\t\t\t\tonHoverStop:false\n\t\t\t\t\t\t\t\t},\n\t\t\t\t\t\t\t\tfallbacks: {\n\t\t\t\t\t\t\t\t\tallowHTML5AutoPlayOnAndroid:true\n\t\t\t\t\t\t\t\t},\n\t\t\t\t\t\t\t});\n\t\t\t\t\t\t}\n\t\t\t\t\t\t\n\t\t\t\t\t});\n\t\t\t\t\t} \/\/ End of RevInitScript\n\t\t\t\tvar once_revslider21 = false;\n\t\t\t\tif (document.readyState === \"loading\") {document.addEventListener('readystatechange',function() { if((document.readyState === \"interactive\" || document.readyState === \"complete\") && !once_revslider21 ) { once_revslider21 = true; revinit_revslider21();}});} else {once_revslider21 = true; revinit_revslider21();}\n\t\t\t\t<\/script>\n\t\t\t<\/rs-module-wrap>\n\t\t\t<!-- END REVOLUTION SLIDER -->\n<\/div><\/div><\/div><\/div><\/div><\/section><section class=\"l-section wpb_row us_custom_3188818e height_medium\"><div class=\"l-section-h i-cf\"><div class=\"g-cols vc_row type_default valign_top\"><div class=\"vc_col-sm-12 wpb_column vc_column_container has-fill\"><div class=\"vc_column-inner us_custom_4fb9e5a3\"><div class=\"wpb_wrapper\">[vc_custom_heading text=&#8221;Teilnahmebedingungen Fotowettbewerb der Saalesparkasse zum \u201eSparkassen-Kalender 2022\u201c&#8221; font_container=&#8221;tag:h4|text_align:left&#8221; use_theme_fonts=&#8221;yes&#8221;]<div class=\"wpb_text_column\" ><div class=\"wpb_wrapper\"><p><strong>Veranstalter<\/strong><\/p>\n<p>Veranstalter des Fotowettbewerbs ist die Saalesparkasse, Rathausstra\u00dfe 5, 06108 Halle (Saale).<\/p>\n<p><strong>Gewinne<\/strong><\/p>\n<p>Die zw\u00f6lf Fotografen der Gewinnerfotos erhalten je einen Einkaufsgutschein in H\u00f6he von 250 Euro \u2013 entweder f\u00fcr die GALERIA Karstadt Kaufhof oder f\u00fcr den Saturn Elektromarkt, die beide Filialen in der halleschen Innenstadt besitzen.<\/p>\n<p><strong>Teilnahme<\/strong><\/p>\n<p>Teilnahmeberechtigt sind alle nat\u00fcrlichen vollj\u00e4hrigen Personen, die ein Bildmotiv einreichen. Folgende Kriterien m\u00fcssen dabei beachtet werden: <strong>Das Foto zeigt einen besonderen Moment im oder am Wasser (Fl\u00fcsse, Seen, Teiche, Brunnen, Pools) \u2013 in jedem Fall sollte das Bild einen Bezug zum Thema &#8220;Wasser&#8221; haben und im Gesch\u00e4ftsgebiet der Saalesparkasse, das die Stadt Halle (Saale) und den Landkreis Saalekreis umfasst, aufgenommen sein.<\/strong> Der Kreativit\u00e4t sind keine Grenzen gesetzt! Bitte reichen Sie keine Bildmontagen oder Collagen ein. Diese k\u00f6nnen vom Wettbewerb ausgeschlossen werden.<\/p>\n<p>Die Teilnahme \u00fcber Dritte, wie zum Beispiel Gewinnspielagenturen, -gruppen oder -gemeinschaften ist nicht gestattet. Die Teilnahme am Fotowettbewerb erfolgt unentgeltlich. Die Teilnahme ist unabh\u00e4ngig von einem bestehenden Vertragsverh\u00e4ltnis oder einem Produktabschluss.<\/p>\n<p>Mitarbeiter der Saalesparkasse sowie deren Angeh\u00f6rige sind von der Teilnahme und damit der Einreichung von Bildmotiven ausgeschlossen, k\u00f6nnen aber w\u00e4hrend der Votingphase f\u00fcr ihren Favoriten abstimmen. Die Teilnahme am Wettbewerb erfolgt \u00fcber https:\/\/www.saalesparkasse.de\/kalender.<\/p>\n<p>Durch die Teilnahme am Fotowettbewerb erkl\u00e4ren sich die Teilnehmenden mit allen enthaltenen Bestimmungen der Teilnahmebedingungen einverstanden.<\/p>\n<p><strong>Teilnahmezeitraum<\/strong><\/p>\n<p>Vom 27. April bis einschlie\u00dflich zum 31. Mai 2022 k\u00f6nnen die Teilnehmer maximal 3 Fotos hochladen (= Uploadphase). Die dreiw\u00f6chige Abstimmung startet am 13. Juni und endet am 3. Juli 2022 (= Votingphase).<\/p>\n<p><strong>Uploadphase<\/strong><\/p>\n<p>Es d\u00fcrfen maximal drei Fotos pro Teilnehmer eingereicht werden, Fotos die dar\u00fcber hinaus hochgeladen werden, nehmen nicht am Wettbewerb teil. Der Einreicher muss folgende pers\u00f6nliche Daten angeben: Vor- und Nachname, E-Mail-Adresse sowie Stra\u00dfe, Hausnummer, PLZ und Ort. Der Einreicher ist auch der Ansprechpartner bei R\u00fcckfragen, z. B. zur Gewinn\u00fcbergabe.<\/p>\n<p><strong>Bild-Anforderungen:<\/strong><\/p>\n<ul>\n<li>keine Abbildungen drittgesch\u00fctzter Objekte oder Abbildung von Personen ohne Rechtefreigabe (z.B. Pers\u00f6nlichkeitsrechte oder Eigent\u00fcmerrechte, s. Kriterien f\u00fcr die Bildeinreichung)<\/li>\n<li>unbedingt Querformat<\/li>\n<li>ohne Typografie \/ typografische Elemente<\/li>\n<li>keine Bildmontagen und Collagen<\/li>\n<li>jpg-Format mit folgender Gr\u00f6\u00dfe: mindestens 3200 x 2200 Pixel, mindestens 300 dpi (gern gr\u00f6\u00dfer)<\/li>\n<li>f\u00fcr den Upload darf die Gr\u00f6\u00dfe der Datei 30 MB nicht \u00fcberschreiten<\/li>\n<\/ul>\n<p>Mit der Teilnahme werden unwiderruflich die uneingeschr\u00e4nkten Nutzungsrechte der Bilder honorarfrei an die Saalesparkasse \u00fcbertragen. Weiter wird der Saalesparkasse das uneingeschr\u00e4nkte Recht einger\u00e4umt, die zur Verf\u00fcgung gestellten Bilder unter entsprechender Namensnennung des Teilnehmers honorarfrei zu vervielf\u00e4ltigen und zu ver\u00f6ffentlichen sowie zur Bewerbung des Kalenders einzusetzen.<\/p>\n<p>Die Saalesparkasse beh\u00e4lt sich vor, im Falle unrichtiger Angaben oder aus sonstigen wichtigen Gr\u00fcnden eingereichte Bildmotive gegebenenfalls nicht zum Voting zuzulassen bzw. vom Voting auszuschlie\u00dfen. Die Freischaltung der Bilder zum Voting erfolgt nach einer Vorauswahl durch die Jury.<\/p>\n<p><strong>Kriterien f\u00fcr die Bildeinreichung<\/strong><\/p>\n<p>Der Bildinhalt darf nicht gegen gesetzliche Regelungen versto\u00dfen (z.B. Bestimmungen des Strafgesetzbuches, des Datenschutzrechtes, des Jugendschutzes, des Urheberrechts, des Markenrechts oder des Wettbewerbsrechts). Bitte verwenden Sie daher nur pers\u00f6nliche Bilder, deren Bildrechte bei Ihnen liegen. Wenn durch das individuelle Bild Rechte Dritter verletzt werden, besteht die Gefahr von Schadenersatzanspr\u00fcchen. Bitte verwenden Sie keine Bilder, die folgende Merkmale enthalten:<\/p>\n<ul>\n<li>Schriftz\u00fcge, E-Mail-, Internet- oder sonstige Adressen, Telefon- oder andere Nummern (z. B. Ausweisnummern oder Kfz-Kennzeichen) zur pers\u00f6nlichen Identifikation sowie Datumsangaben;<\/li>\n<li>gegen Marken-, Urheber-, Wettbewerbs- und sonstige Rechte Dritter versto\u00dfen<\/li>\n<li>kommerzielle Bestandteile enthalten (z. B. Marken, Firmenschriftz\u00fcge, -logos etc.) bzw. die den Eindruck erwecken, f\u00fcr kommerzielle Zwecke eingesetzt werden zu k\u00f6nnen;<\/li>\n<li>gesetzeswidriges oder unsoziales Verhalten zeigen sowie politische, religi\u00f6se oder kulturkritische Aussagen, Symbole, Organisationen und Hintergr\u00fcnde beinhalten;<\/li>\n<li>Krieg, Terror oder andere Gewalttaten verherrlichen;<\/li>\n<li>in sonstiger Weise gegen die guten Sitten versto\u00dfen (z. B. pornografische, sexistische, rassistische, gewaltverherrlichende, menschenverachtende, herabsetzende oder obsz\u00f6ne Inhalte haben)<\/li>\n<\/ul>\n<p><strong>Bildpr\u00fcfung<\/strong><\/p>\n<p>Die Saalesparkasse ist jederzeit berechtigt Bilder abzulehnen, wenn diese nach ihrer Einsch\u00e4tzung gegen Rechtsvorschriften oder die Teilnahmebedingungen versto\u00dfen oder die berechtigten Interessen Dritter beeintr\u00e4chtigen k\u00f6nnen. Im Falle einer Ablehnung wird dem Einreicher die Ablehnung eines Bildes per E-Mail bekannt gegeben. Die Saalesparkasse ist nicht verpflichtet, den Ablehnungsgrund detailliert mitzuteilen.<\/p>\n<p><strong>Einsendephase<\/strong><\/p>\n<p>Die eingereichten Bilder werden mit dem Namen des jeweiligen Fotografen und der kurzen Beschreibung des Motivs in der Bildergalerie auf www.saalesparkasse.de\/kalender ver\u00f6ffentlicht.<\/p>\n<p><strong>Jury<\/strong><\/p>\n<p>Die Jury w\u00e4hlt aus allen Einsendungen (die den genannten Kriterien entsprechen) zwei bis drei Bilder f\u00fcr den jeweiligen Monat des Kalenders aus. Diese Bilder stehen in der Votingphase zur Wahl.<\/p>\n<p><strong>Votingphase<\/strong><\/p>\n<p>Die Ermittlung der Gewinner erfolgt durch die Abstimmung auf der genannten Seite (www.saalesparkasse.de\/kalender). Die Fotomotive mit den meisten Stimmen im jeweiligen Kalendermonat gewinnen. Jeder Teilnehmer am Voting hat eine Stimme pro Kalendermonat.<\/p>\n<p><strong>Kalender<\/strong><\/p>\n<p>Der Sparkassen-Jahreskalender 2023 erscheint im Oktober 2022 und ist ab dem Weltspartag in den Filialen der Saalesparkasse erh\u00e4ltlich. Alle Gewinner des Fotowettbewerbs erhalten drei pers\u00f6nliche Beleg-Exemplare. Im Kalender werden die 12 Gewinnerfotos mit einer kurzen Bildbeschreibung und dem Namen des Einreichers ver\u00f6ffentlicht.<\/p>\n<p><strong>Datenschutz<\/strong><\/p>\n<p>Der Einreicher des Fotomotivs gibt f\u00fcr die Teilnahme am Fotowettbewerb seinen vollst\u00e4ndigen Namen, seine Adresse, seine E-Mail-Adresse und eine Bildbeschreibung sowie Zeitpunkt und Ort des Fotos an.<\/p>\n<p>Diese Daten werden von der Saalesparkasse ausschlie\u00dflich zur Durchf\u00fchrung des Fotowettbewerbs, insbesondere zur Benachrichtigung des Gewinners verwendet, nicht an Dritte weitergegeben und vier Wochen nach Ablauf des Wettbewerbs gel\u00f6scht.<\/p>\n<p>Die Gewinnerdaten werden in einem angemessenen Zeitraum gespeichert. Sie werden dann jedoch f\u00fcr eine weitere Verwendung gesperrt. Neben einer Ver\u00f6ffentlichung der Namen der Gewinner auf den jeweiligen Bildern im Kalender beh\u00e4lt sich die Saalesparkasse vor, auch nach Beendigung des Fotowettbewerbs weiter dar\u00fcber zu berichten, z. B. in internen und externen Medien (Intranet, auf ihrem Facebook- und gegebenenfalls zu einem sp\u00e4teren Zeitpunkt betriebenen Instagram-Account, auf Webseiten und in Printpublikationen).<\/p>\n<p>In der Votingphase werden die E-Mail-Adressen abgefragt und zur Verifikation der abgegebenen Stimmen verwendet. Die Daten werden ebenfalls vier Wochen nach Ablauf des Wettbewerbs gel\u00f6scht.<\/p>\n<p><strong>Schlussbestimmungen<\/strong><\/p>\n<p>Es gilt das Recht der Bundesrepublik Deutschland. Der Rechtsweg ist ausgeschlossen<\/p>\n<\/div><\/div><\/div><\/div><\/div><\/div><\/div><\/section>\n","protected":false},"excerpt":{"rendered":"Willkommen beim Fotowettbewerb 2022 Willkommen beim Fotowettbewerb 2022 [vc_custom_heading text=\"Teilnahmebedingungen Fotowettbewerb der Saalesparkasse zum \u201eSparkassen-Kalender 2022\u201c\" font_container=\"tag:h4|text_align:left\" use_theme_fonts=\"yes\"]Veranstalter Veranstalter des Fotowettbewerbs ist die Saalesparkasse, Rathausstra\u00dfe 5, 06108 Halle (Saale). Gewinne Die zw\u00f6lf Fotografen der Gewinnerfotos erhalten je einen Einkaufsgutschein in H\u00f6he von 250 Euro \u2013 entweder f\u00fcr die GALERIA Karstadt Kaufhof oder f\u00fcr den Saturn...","protected":false},"author":1,"featured_media":0,"parent":0,"menu_order":0,"comment_status":"closed","ping_status":"closed","template":"","meta":{"footnotes":""},"class_list":["post-14","page","type-page","status-publish","hentry"],"yoast_head":"<!-- This site is optimized with the Yoast SEO plugin v17.2.1 - https:\/\/yoast.com\/wordpress\/plugins\/seo\/ -->\n<title>Teilnahmebedingungen - Saalesparkasse<\/title>\n<meta name=\"robots\" content=\"index, follow, max-snippet:-1, max-image-preview:large, max-video-preview:-1\" \/>\n<link rel=\"canonical\" href=\"https:\/\/www.saalesparkasse-web.de\/sparkassenkalender\/teilnahmebedingungen\/\" \/>\n<meta property=\"og:locale\" content=\"de_DE\" \/>\n<meta property=\"og:type\" content=\"article\" \/>\n<meta property=\"og:title\" content=\"Teilnahmebedingungen - Saalesparkasse\" \/>\n<meta property=\"og:url\" content=\"https:\/\/www.saalesparkasse-web.de\/sparkassenkalender\/teilnahmebedingungen\/\" \/>\n<meta property=\"og:site_name\" content=\"Saalesparkasse\" \/>\n<meta property=\"article:modified_time\" content=\"2022-06-07T04:37:35+00:00\" \/>\n<meta name=\"twitter:card\" content=\"summary_large_image\" \/>\n<meta name=\"twitter:label1\" content=\"Gesch\u00e4tzte Lesezeit\" \/>\n\t<meta name=\"twitter:data1\" content=\"5\u00a0Minuten\" \/>\n<script type=\"application\/ld+json\" class=\"yoast-schema-graph\">{\"@context\":\"https:\/\/schema.org\",\"@graph\":[{\"@type\":\"WebSite\",\"@id\":\"https:\/\/www.saalesparkasse-web.de\/sparkassenkalender\/#website\",\"url\":\"https:\/\/www.saalesparkasse-web.de\/sparkassenkalender\/\",\"name\":\"Saalesparkasse\",\"description\":\"F\\u00f6rderengagement\",\"potentialAction\":[{\"@type\":\"SearchAction\",\"target\":{\"@type\":\"EntryPoint\",\"urlTemplate\":\"https:\/\/www.saalesparkasse-web.de\/sparkassenkalender\/?s={search_term_string}\"},\"query-input\":\"required name=search_term_string\"}],\"inLanguage\":\"de\"},{\"@type\":\"WebPage\",\"@id\":\"https:\/\/www.saalesparkasse-web.de\/sparkassenkalender\/teilnahmebedingungen\/#webpage\",\"url\":\"https:\/\/www.saalesparkasse-web.de\/sparkassenkalender\/teilnahmebedingungen\/\",\"name\":\"Teilnahmebedingungen - Saalesparkasse\",\"isPartOf\":{\"@id\":\"https:\/\/www.saalesparkasse-web.de\/sparkassenkalender\/#website\"},\"datePublished\":\"2021-06-14T10:04:26+00:00\",\"dateModified\":\"2022-06-07T04:37:35+00:00\",\"breadcrumb\":{\"@id\":\"https:\/\/www.saalesparkasse-web.de\/sparkassenkalender\/teilnahmebedingungen\/#breadcrumb\"},\"inLanguage\":\"de\",\"potentialAction\":[{\"@type\":\"ReadAction\",\"target\":[\"https:\/\/www.saalesparkasse-web.de\/sparkassenkalender\/teilnahmebedingungen\/\"]}]},{\"@type\":\"BreadcrumbList\",\"@id\":\"https:\/\/www.saalesparkasse-web.de\/sparkassenkalender\/teilnahmebedingungen\/#breadcrumb\",\"itemListElement\":[{\"@type\":\"ListItem\",\"position\":1,\"name\":\"Startseite\",\"item\":\"https:\/\/www.saalesparkasse-web.de\/sparkassenkalender\/\"},{\"@type\":\"ListItem\",\"position\":2,\"name\":\"Teilnahmebedingungen\"}]}]}<\/script>\n<!-- \/ Yoast SEO plugin. -->","yoast_head_json":{"title":"Teilnahmebedingungen - Saalesparkasse","robots":{"index":"index","follow":"follow","max-snippet":"max-snippet:-1","max-image-preview":"max-image-preview:large","max-video-preview":"max-video-preview:-1"},"canonical":"https:\/\/www.saalesparkasse-web.de\/sparkassenkalender\/teilnahmebedingungen\/","og_locale":"de_DE","og_type":"article","og_title":"Teilnahmebedingungen - Saalesparkasse","og_url":"https:\/\/www.saalesparkasse-web.de\/sparkassenkalender\/teilnahmebedingungen\/","og_site_name":"Saalesparkasse","article_modified_time":"2022-06-07T04:37:35+00:00","twitter_card":"summary_large_image","twitter_misc":{"Gesch\u00e4tzte Lesezeit":"5\u00a0Minuten"},"schema":{"@context":"https:\/\/schema.org","@graph":[{"@type":"WebSite","@id":"https:\/\/www.saalesparkasse-web.de\/sparkassenkalender\/#website","url":"https:\/\/www.saalesparkasse-web.de\/sparkassenkalender\/","name":"Saalesparkasse","description":"F\u00f6rderengagement","potentialAction":[{"@type":"SearchAction","target":{"@type":"EntryPoint","urlTemplate":"https:\/\/www.saalesparkasse-web.de\/sparkassenkalender\/?s={search_term_string}"},"query-input":"required name=search_term_string"}],"inLanguage":"de"},{"@type":"WebPage","@id":"https:\/\/www.saalesparkasse-web.de\/sparkassenkalender\/teilnahmebedingungen\/#webpage","url":"https:\/\/www.saalesparkasse-web.de\/sparkassenkalender\/teilnahmebedingungen\/","name":"Teilnahmebedingungen - Saalesparkasse","isPartOf":{"@id":"https:\/\/www.saalesparkasse-web.de\/sparkassenkalender\/#website"},"datePublished":"2021-06-14T10:04:26+00:00","dateModified":"2022-06-07T04:37:35+00:00","breadcrumb":{"@id":"https:\/\/www.saalesparkasse-web.de\/sparkassenkalender\/teilnahmebedingungen\/#breadcrumb"},"inLanguage":"de","potentialAction":[{"@type":"ReadAction","target":["https:\/\/www.saalesparkasse-web.de\/sparkassenkalender\/teilnahmebedingungen\/"]}]},{"@type":"BreadcrumbList","@id":"https:\/\/www.saalesparkasse-web.de\/sparkassenkalender\/teilnahmebedingungen\/#breadcrumb","itemListElement":[{"@type":"ListItem","position":1,"name":"Startseite","item":"https:\/\/www.saalesparkasse-web.de\/sparkassenkalender\/"},{"@type":"ListItem","position":2,"name":"Teilnahmebedingungen"}]}]}},"_links":{"self":[{"href":"https:\/\/www.saalesparkasse-web.de\/sparkassenkalender\/wp-json\/wp\/v2\/pages\/14","targetHints":{"allow":["GET"]}}],"collection":[{"href":"https:\/\/www.saalesparkasse-web.de\/sparkassenkalender\/wp-json\/wp\/v2\/pages"}],"about":[{"href":"https:\/\/www.saalesparkasse-web.de\/sparkassenkalender\/wp-json\/wp\/v2\/types\/page"}],"author":[{"embeddable":true,"href":"https:\/\/www.saalesparkasse-web.de\/sparkassenkalender\/wp-json\/wp\/v2\/users\/1"}],"replies":[{"embeddable":true,"href":"https:\/\/www.saalesparkasse-web.de\/sparkassenkalender\/wp-json\/wp\/v2\/comments?post=14"}],"version-history":[{"count":12,"href":"https:\/\/www.saalesparkasse-web.de\/sparkassenkalender\/wp-json\/wp\/v2\/pages\/14\/revisions"}],"predecessor-version":[{"id":1984,"href":"https:\/\/www.saalesparkasse-web.de\/sparkassenkalender\/wp-json\/wp\/v2\/pages\/14\/revisions\/1984"}],"wp:attachment":[{"href":"https:\/\/www.saalesparkasse-web.de\/sparkassenkalender\/wp-json\/wp\/v2\/media?parent=14"}],"curies":[{"name":"wp","href":"https:\/\/api.w.org\/{rel}","templated":true}]}}